{"id":1132,"date":"2019-03-18T17:03:49","date_gmt":"2019-03-18T16:03:49","guid":{"rendered":"https:\/\/stringsandwood.de\/?page_id=1132"},"modified":"2019-04-05T15:56:44","modified_gmt":"2019-04-05T13:56:44","slug":"micawber","status":"publish","type":"page","link":"https:\/\/stringsandwood.de\/index.php\/e-gitarren\/micawber\/","title":{"rendered":"Micawber"},"content":{"rendered":"<h4 class=\"deco-side\" style=\"color: #990000;\">Keef\u00b4s 1st choice<\/h4>\n<h1 class=\"deco-side\">Micawber &#8211; If you only had one guitar&#8230;<\/h1>\n<p><img loading=\"lazy\" decoding=\"async\" class=\"alignright size-full wp-image-1145\" src=\"https:\/\/stringsandwood.de\/wp-content\/uploads\/2019\/03\/Micawber-mit-amp.jpg\" alt=\"Micawber Telecaster\" width=\"399\" height=\"600\" \/><\/p>\n<p>Auf die Frage, welche Gitarre er behalten w\u00fcrde, wenn er alle anderen abgeben m\u00fcsse, antwortete Keith Richards mit der klaren Aussage, dass nur seine Micawber daf\u00fcr in Frage k\u00e4me. Richards taufe seine 57er Tele nach der Figur aus Charles Dickens Novelle David Copperfield auf den Namen Micawber. Diese Gitarre hatte er \u00fcberings zu seinem 27. Geburtstag von seinem guten Freund Eric Clapton geschenkt bekommen. Er modifizierte sie nach und nach mit einem PAF Humbucker und einer massiven Messing Br\u00fccke. Der legend\u00e4re Sound der Stones w\u00e4re ohne diese Tele nicht denkbar und Klassiker wie Honky Tonk Women, Jumping Jack Flash und Brown Sugar kl\u00e4ngen sicherlich anders.<\/p>\n<p>Alle verwendeten Materialien sind sorgf\u00e4ltigst recherchiert und aufwendig aus den USA, England und nat\u00fcrlich Deutschland besorgt worden. Reichlich Handarbeit \u2013 auch f\u00fcr die Tonabnehmer \u2013 sind h\u00f6rbar und stehen dem legend\u00e4ren Vorbild in nichts nach. Nicht nur eingefleischte Stones oder Keef-Fans werden ihre Freude an dieser Micawber haben, auch wer gerne in Open-G gestimmte Gitarren spielt hat seinen Spa\u00df. Ach ja, das Teil funktioniert auch mit 6 Saiten.<\/p>\n<p><strong>Verwendete Materialien:<\/strong><br \/>\n<strong>Hals:<\/strong> Ahorn (<em>Acer saccharum<\/em>)<br \/>\n<strong>Dot Inlays:<\/strong> ABS schwarz<br \/>\n<strong>Skunk Stripe:<\/strong> Nussbaum (<i>Juglans regia<\/i>)<br \/>\n<strong>Korpusholz:<\/strong> Sumpfesche (<i>Fraxinus<\/i>), leicht ca. 390 kg\/m\u00b3<\/p>\n<p>Alle H\u00f6lzer sind im <a title=\"Link zu meiner Seite \u00fcber Tonholz\" href=\"https:\/\/stringsandwood.de\/index.php\/informationen-zum-gitarrenbau\/tonholz\/\">Riftschnitt ges\u00e4gt (quarter sawn)<\/a>.<\/p>\n<p><strong>Sepcs:<\/strong><br \/>\n<strong>Mechaniken:<\/strong> Kluson Vintage Deluxe, nickel, Single Line Pr\u00e4gung, \u00dcbersetzung 1:15<br \/>\n<strong>Sattel:<\/strong> Rindsknochen, von Hand gekerbt<br \/>\n<strong>B\u00fcnde:<\/strong> 21<br \/>\n<strong>Griffbrettradius:<\/strong> 7,5\u2033<br \/>\n<strong>Halsprofil:<\/strong> Fat Nocaster-U<br \/>\n<strong>Mensur:<\/strong> 25,5\u2033 (648 mm)<br \/>\n<strong>Br\u00fccke:<\/strong> Kluson Bridge Tele, Messing gold<br \/>\n<strong>Tonabnehmer Hals:<\/strong>\u00a0 handgewickelt aus eigener Herstellung PAF Style, AlNiCo-2, AWG-42 PE, 7,46k\u03a9<br \/>\n<strong>Tonabnehmer Br\u00fccke:<\/strong> handgewickelt aus eigener Herstellung, AlNiCo-5, AWG-42 PE, 8,25 k\u03a9<br \/>\n<strong>Elektronik:<\/strong> 250 k\u03a9 Volume- und 250 k\u03a9 Ton-Potentiometer (org. CTS) mit original Orange Drop .047uF<br \/>\n<strong>PickUp-Schalter:<\/strong> 3-Wege CRL<br \/>\n<strong>Saiten:<\/strong> ERNIE BALL CLASSIC Rock N Roll 011-048, Custom Gauge &#8211; ohne tiefe E-Saite in Open-G gestimmt<br \/>\n<strong>Lackierung:<\/strong> Nitrocellulose Klarlack<\/p>\n<p>&nbsp;<\/p>\n","protected":false},"excerpt":{"rendered":"<p>Keef\u00b4s 1st choice Micawber &#8211; If you only had one guitar&#8230; Auf die Frage, welche Gitarre er behalten w\u00fcrde, wenn er alle anderen abgeben m\u00fcsse, antwortete Keith Richards mit der [&hellip;]<\/p>\n","protected":false},"author":3,"featured_media":0,"parent":202,"menu_order":302,"comment_status":"closed","ping_status":"closed","template":"page_micawber.php","meta":{"footnotes":""},"class_list":["post-1132","page","type-page","status-publish","hentry"],"yoast_head":"<!-- This site is optimized with the Yoast SEO plugin v27.5 - https:\/\/yoast.com\/product\/yoast-seo-wordpress\/ -->\n<title>Micawber - Strings And Wood - Gitarrenbau aus Hamm<\/title>\n<meta name=\"robots\" content=\"index, follow, max-snippet:-1, max-image-preview:large, max-video-preview:-1\" \/>\n<link rel=\"canonical\" href=\"https:\/\/stringsandwood.de\/index.php\/e-gitarren\/micawber\/\" \/>\n<meta property=\"og:locale\" content=\"de_DE\" \/>\n<meta property=\"og:type\" content=\"article\" \/>\n<meta property=\"og:title\" content=\"Micawber - Strings And Wood - Gitarrenbau aus Hamm\" \/>\n<meta property=\"og:description\" content=\"Keef\u00b4s 1st choice Micawber &#8211; If you only had one guitar&#8230; Auf die Frage, welche Gitarre er behalten w\u00fcrde, wenn er alle anderen abgeben m\u00fcsse, antwortete Keith Richards mit der [&hellip;]\" \/>\n<meta property=\"og:url\" content=\"https:\/\/stringsandwood.de\/index.php\/e-gitarren\/micawber\/\" \/>\n<meta property=\"og:site_name\" content=\"Strings And Wood - Gitarrenbau aus Hamm\" \/>\n<meta property=\"article:publisher\" content=\"https:\/\/www.facebook.com\/F.Zillmann\" \/>\n<meta property=\"article:modified_time\" content=\"2019-04-05T13:56:44+00:00\" \/>\n<meta property=\"og:image\" content=\"https:\/\/stringsandwood.de\/wp-content\/uploads\/2019\/03\/Micawber-mit-amp.jpg\" \/>\n<meta name=\"twitter:card\" content=\"summary_large_image\" \/>\n<meta name=\"twitter:label1\" content=\"Gesch\u00e4tzte Lesezeit\" \/>\n\t<meta name=\"twitter:data1\" content=\"2\u00a0Minuten\" \/>\n<script type=\"application\/ld+json\" class=\"yoast-schema-graph\">{\"@context\":\"https:\\\/\\\/schema.org\",\"@graph\":[{\"@type\":\"WebPage\",\"@id\":\"https:\\\/\\\/stringsandwood.de\\\/index.php\\\/e-gitarren\\\/micawber\\\/\",\"url\":\"https:\\\/\\\/stringsandwood.de\\\/index.php\\\/e-gitarren\\\/micawber\\\/\",\"name\":\"Micawber - Strings And Wood - Gitarrenbau aus Hamm\",\"isPartOf\":{\"@id\":\"https:\\\/\\\/stringsandwood.de\\\/#website\"},\"primaryImageOfPage\":{\"@id\":\"https:\\\/\\\/stringsandwood.de\\\/index.php\\\/e-gitarren\\\/micawber\\\/#primaryimage\"},\"image\":{\"@id\":\"https:\\\/\\\/stringsandwood.de\\\/index.php\\\/e-gitarren\\\/micawber\\\/#primaryimage\"},\"thumbnailUrl\":\"https:\\\/\\\/stringsandwood.de\\\/wp-content\\\/uploads\\\/2019\\\/03\\\/Micawber-mit-amp.jpg\",\"datePublished\":\"2019-03-18T16:03:49+00:00\",\"dateModified\":\"2019-04-05T13:56:44+00:00\",\"breadcrumb\":{\"@id\":\"https:\\\/\\\/stringsandwood.de\\\/index.php\\\/e-gitarren\\\/micawber\\\/#breadcrumb\"},\"inLanguage\":\"de\",\"potentialAction\":[{\"@type\":\"ReadAction\",\"target\":[\"https:\\\/\\\/stringsandwood.de\\\/index.php\\\/e-gitarren\\\/micawber\\\/\"]}]},{\"@type\":\"ImageObject\",\"inLanguage\":\"de\",\"@id\":\"https:\\\/\\\/stringsandwood.de\\\/index.php\\\/e-gitarren\\\/micawber\\\/#primaryimage\",\"url\":\"https:\\\/\\\/stringsandwood.de\\\/wp-content\\\/uploads\\\/2019\\\/03\\\/Micawber-mit-amp.jpg\",\"contentUrl\":\"https:\\\/\\\/stringsandwood.de\\\/wp-content\\\/uploads\\\/2019\\\/03\\\/Micawber-mit-amp.jpg\",\"width\":399,\"height\":600,\"caption\":\"Micawber Telecaster\"},{\"@type\":\"BreadcrumbList\",\"@id\":\"https:\\\/\\\/stringsandwood.de\\\/index.php\\\/e-gitarren\\\/micawber\\\/#breadcrumb\",\"itemListElement\":[{\"@type\":\"ListItem\",\"position\":1,\"name\":\"Home\",\"item\":\"https:\\\/\\\/stringsandwood.de\\\/\"},{\"@type\":\"ListItem\",\"position\":2,\"name\":\"E-Gitarren\",\"item\":\"https:\\\/\\\/stringsandwood.de\\\/index.php\\\/e-gitarren\\\/\"},{\"@type\":\"ListItem\",\"position\":3,\"name\":\"Micawber\"}]},{\"@type\":\"WebSite\",\"@id\":\"https:\\\/\\\/stringsandwood.de\\\/#website\",\"url\":\"https:\\\/\\\/stringsandwood.de\\\/\",\"name\":\"Strings And Wood - Gitarrenbau aus Hamm\",\"description\":\"Gitarren in Handarbeit - Custom Guitars\",\"publisher\":{\"@id\":\"https:\\\/\\\/stringsandwood.de\\\/#organization\"},\"potentialAction\":[{\"@type\":\"SearchAction\",\"target\":{\"@type\":\"EntryPoint\",\"urlTemplate\":\"https:\\\/\\\/stringsandwood.de\\\/?s={search_term_string}\"},\"query-input\":{\"@type\":\"PropertyValueSpecification\",\"valueRequired\":true,\"valueName\":\"search_term_string\"}}],\"inLanguage\":\"de\"},{\"@type\":\"Organization\",\"@id\":\"https:\\\/\\\/stringsandwood.de\\\/#organization\",\"name\":\"Frank Zillmann Custom Guitars - Strings And Wood\",\"url\":\"https:\\\/\\\/stringsandwood.de\\\/\",\"logo\":{\"@type\":\"ImageObject\",\"inLanguage\":\"de\",\"@id\":\"https:\\\/\\\/stringsandwood.de\\\/#\\\/schema\\\/logo\\\/image\\\/\",\"url\":\"https:\\\/\\\/stringsandwood.de\\\/wp-content\\\/uploads\\\/2015\\\/08\\\/Strings-And-Wood.png\",\"contentUrl\":\"https:\\\/\\\/stringsandwood.de\\\/wp-content\\\/uploads\\\/2015\\\/08\\\/Strings-And-Wood.png\",\"width\":300,\"height\":31,\"caption\":\"Frank Zillmann Custom Guitars - Strings And Wood\"},\"image\":{\"@id\":\"https:\\\/\\\/stringsandwood.de\\\/#\\\/schema\\\/logo\\\/image\\\/\"},\"sameAs\":[\"https:\\\/\\\/www.facebook.com\\\/F.Zillmann\",\"https:\\\/\\\/www.instagram.com\\\/fzillmann\\\/\"]}]}<\/script>\n<!-- \/ Yoast SEO plugin. -->","yoast_head_json":{"title":"Micawber - Strings And Wood - Gitarrenbau aus Hamm","robots":{"index":"index","follow":"follow","max-snippet":"max-snippet:-1","max-image-preview":"max-image-preview:large","max-video-preview":"max-video-preview:-1"},"canonical":"https:\/\/stringsandwood.de\/index.php\/e-gitarren\/micawber\/","og_locale":"de_DE","og_type":"article","og_title":"Micawber - Strings And Wood - Gitarrenbau aus Hamm","og_description":"Keef\u00b4s 1st choice Micawber &#8211; If you only had one guitar&#8230; Auf die Frage, welche Gitarre er behalten w\u00fcrde, wenn er alle anderen abgeben m\u00fcsse, antwortete Keith Richards mit der [&hellip;]","og_url":"https:\/\/stringsandwood.de\/index.php\/e-gitarren\/micawber\/","og_site_name":"Strings And Wood - Gitarrenbau aus Hamm","article_publisher":"https:\/\/www.facebook.com\/F.Zillmann","article_modified_time":"2019-04-05T13:56:44+00:00","og_image":[{"url":"https:\/\/stringsandwood.de\/wp-content\/uploads\/2019\/03\/Micawber-mit-amp.jpg","type":"","width":"","height":""}],"twitter_card":"summary_large_image","twitter_misc":{"Gesch\u00e4tzte Lesezeit":"2\u00a0Minuten"},"schema":{"@context":"https:\/\/schema.org","@graph":[{"@type":"WebPage","@id":"https:\/\/stringsandwood.de\/index.php\/e-gitarren\/micawber\/","url":"https:\/\/stringsandwood.de\/index.php\/e-gitarren\/micawber\/","name":"Micawber - Strings And Wood - Gitarrenbau aus Hamm","isPartOf":{"@id":"https:\/\/stringsandwood.de\/#website"},"primaryImageOfPage":{"@id":"https:\/\/stringsandwood.de\/index.php\/e-gitarren\/micawber\/#primaryimage"},"image":{"@id":"https:\/\/stringsandwood.de\/index.php\/e-gitarren\/micawber\/#primaryimage"},"thumbnailUrl":"https:\/\/stringsandwood.de\/wp-content\/uploads\/2019\/03\/Micawber-mit-amp.jpg","datePublished":"2019-03-18T16:03:49+00:00","dateModified":"2019-04-05T13:56:44+00:00","breadcrumb":{"@id":"https:\/\/stringsandwood.de\/index.php\/e-gitarren\/micawber\/#breadcrumb"},"inLanguage":"de","potentialAction":[{"@type":"ReadAction","target":["https:\/\/stringsandwood.de\/index.php\/e-gitarren\/micawber\/"]}]},{"@type":"ImageObject","inLanguage":"de","@id":"https:\/\/stringsandwood.de\/index.php\/e-gitarren\/micawber\/#primaryimage","url":"https:\/\/stringsandwood.de\/wp-content\/uploads\/2019\/03\/Micawber-mit-amp.jpg","contentUrl":"https:\/\/stringsandwood.de\/wp-content\/uploads\/2019\/03\/Micawber-mit-amp.jpg","width":399,"height":600,"caption":"Micawber Telecaster"},{"@type":"BreadcrumbList","@id":"https:\/\/stringsandwood.de\/index.php\/e-gitarren\/micawber\/#breadcrumb","itemListElement":[{"@type":"ListItem","position":1,"name":"Home","item":"https:\/\/stringsandwood.de\/"},{"@type":"ListItem","position":2,"name":"E-Gitarren","item":"https:\/\/stringsandwood.de\/index.php\/e-gitarren\/"},{"@type":"ListItem","position":3,"name":"Micawber"}]},{"@type":"WebSite","@id":"https:\/\/stringsandwood.de\/#website","url":"https:\/\/stringsandwood.de\/","name":"Strings And Wood - Gitarrenbau aus Hamm","description":"Gitarren in Handarbeit - Custom Guitars","publisher":{"@id":"https:\/\/stringsandwood.de\/#organization"},"potentialAction":[{"@type":"SearchAction","target":{"@type":"EntryPoint","urlTemplate":"https:\/\/stringsandwood.de\/?s={search_term_string}"},"query-input":{"@type":"PropertyValueSpecification","valueRequired":true,"valueName":"search_term_string"}}],"inLanguage":"de"},{"@type":"Organization","@id":"https:\/\/stringsandwood.de\/#organization","name":"Frank Zillmann Custom Guitars - Strings And Wood","url":"https:\/\/stringsandwood.de\/","logo":{"@type":"ImageObject","inLanguage":"de","@id":"https:\/\/stringsandwood.de\/#\/schema\/logo\/image\/","url":"https:\/\/stringsandwood.de\/wp-content\/uploads\/2015\/08\/Strings-And-Wood.png","contentUrl":"https:\/\/stringsandwood.de\/wp-content\/uploads\/2015\/08\/Strings-And-Wood.png","width":300,"height":31,"caption":"Frank Zillmann Custom Guitars - Strings And Wood"},"image":{"@id":"https:\/\/stringsandwood.de\/#\/schema\/logo\/image\/"},"sameAs":["https:\/\/www.facebook.com\/F.Zillmann","https:\/\/www.instagram.com\/fzillmann\/"]}]}},"_links":{"self":[{"href":"https:\/\/stringsandwood.de\/index.php\/wp-json\/wp\/v2\/pages\/1132","targetHints":{"allow":["GET"]}}],"collection":[{"href":"https:\/\/stringsandwood.de\/index.php\/wp-json\/wp\/v2\/pages"}],"about":[{"href":"https:\/\/stringsandwood.de\/index.php\/wp-json\/wp\/v2\/types\/page"}],"author":[{"embeddable":true,"href":"https:\/\/stringsandwood.de\/index.php\/wp-json\/wp\/v2\/users\/3"}],"replies":[{"embeddable":true,"href":"https:\/\/stringsandwood.de\/index.php\/wp-json\/wp\/v2\/comments?post=1132"}],"version-history":[{"count":11,"href":"https:\/\/stringsandwood.de\/index.php\/wp-json\/wp\/v2\/pages\/1132\/revisions"}],"predecessor-version":[{"id":1151,"href":"https:\/\/stringsandwood.de\/index.php\/wp-json\/wp\/v2\/pages\/1132\/revisions\/1151"}],"up":[{"embeddable":true,"href":"https:\/\/stringsandwood.de\/index.php\/wp-json\/wp\/v2\/pages\/202"}],"wp:attachment":[{"href":"https:\/\/stringsandwood.de\/index.php\/wp-json\/wp\/v2\/media?parent=1132"}],"curies":[{"name":"wp","href":"https:\/\/api.w.org\/{rel}","templated":true}]}}