{"id":208,"date":"2015-08-12T11:28:07","date_gmt":"2015-08-12T09:28:07","guid":{"rendered":"https:\/\/stringsandwood.de\/?page_id=208"},"modified":"2018-08-12T15:31:57","modified_gmt":"2018-08-12T13:31:57","slug":"vintage-t","status":"publish","type":"page","link":"https:\/\/stringsandwood.de\/index.php\/e-gitarren\/vintage-t\/","title":{"rendered":"VINTAGE-T"},"content":{"rendered":"<h4 style=\"color: #990000;\">Klassiker in olympic white<\/h4>\n<h1>VINTAGE-T<\/h1>\n<p>Diese Gitarre wurde aus hochwertigen Tonh\u00f6lzern gefertigt. Dieses Instrument zeichnet sich durch einen sehr knackigen Sound mit viel Sustain aus. Auch fehlt der typische Twang nicht. Ein T-Modell, das als echter Allrounder eingesetzt werden kann. Von Funk \u00fcber Country bis Crunch &#8211; der daf\u00fcr richtige Sound ist einfach da.<\/p>\n<div style=\"float: left;\">\n<p>Technische Daten:<\/p>\n<ul>\n<li>Mensur: 25,5 Zoll (648 mm)<\/li>\n<li>Griffbrett: Palisander, 22 B\u00fcnde<\/li>\n<li>Sattel: Rindsknochen mit Nullbund<\/li>\n<li>Body: Esche<\/li>\n<li>Tonabnehmer: Fender\u00ae Vintage Tele Pickup Set<\/li>\n<li>Br\u00fccke: G\u00f6ldo HW48C, 6 B\u00f6ckchen, String-thru-Body<\/li>\n<li>Mechaniken: Fender\u00ae 70Tuner<\/li>\n<li>Saiten: Ernie Ball 010-046 Regular Slinky<\/li>\n<\/ul>\n<\/div>\n<div id=\"attachment_313\" style=\"width: 310px\" class=\"wp-caption alignleft\"><a href=\"https:\/\/stringsandwood.de\/wp-content\/uploads\/2015\/08\/IMG_7265.jpg\"><img loading=\"lazy\" decoding=\"async\" aria-describedby=\"caption-attachment-313\" class=\"wp-image-313 size-thumbnail\" src=\"https:\/\/stringsandwood.de\/wp-content\/uploads\/2015\/08\/IMG_7265-300x300.jpg\" alt=\"VINTAGE-T in Olympic white\" width=\"300\" height=\"300\" \/><\/a><p id=\"caption-attachment-313\" class=\"wp-caption-text\">VINTAGE-T in Olympic white<\/p><\/div>\n<div id=\"attachment_315\" style=\"width: 310px\" class=\"wp-caption alignleft\"><a href=\"https:\/\/stringsandwood.de\/wp-content\/uploads\/2015\/08\/IMG_7277.jpg\"><img loading=\"lazy\" decoding=\"async\" aria-describedby=\"caption-attachment-315\" class=\"wp-image-315 size-thumbnail\" src=\"https:\/\/stringsandwood.de\/wp-content\/uploads\/2015\/08\/IMG_7277-300x300.jpg\" alt=\"Massive Br\u00fccke mit 6 Reitern\" width=\"300\" height=\"300\" \/><\/a><p id=\"caption-attachment-315\" class=\"wp-caption-text\">Massive Br\u00fccke mit 6 Reitern<\/p><\/div>\n","protected":false},"excerpt":{"rendered":"<p>Klassiker in olympic white VINTAGE-T Diese Gitarre wurde aus hochwertigen Tonh\u00f6lzern gefertigt. Dieses Instrument zeichnet sich durch einen sehr knackigen Sound mit viel Sustain aus. Auch fehlt der typische Twang [&hellip;]<\/p>\n","protected":false},"author":3,"featured_media":0,"parent":202,"menu_order":33,"comment_status":"closed","ping_status":"closed","template":"page_vintage-t.php","meta":{"footnotes":""},"class_list":["post-208","page","type-page","status-publish","hentry"],"yoast_head":"<!-- This site is optimized with the Yoast SEO plugin v27.6 - https:\/\/yoast.com\/product\/yoast-seo-wordpress\/ -->\n<title>VINTAGE-T - Strings And Wood - Gitarrenbau aus Hamm<\/title>\n<meta name=\"robots\" content=\"index, follow, max-snippet:-1, max-image-preview:large, max-video-preview:-1\" \/>\n<link rel=\"canonical\" href=\"https:\/\/stringsandwood.de\/index.php\/e-gitarren\/vintage-t\/\" \/>\n<meta property=\"og:locale\" content=\"de_DE\" \/>\n<meta property=\"og:type\" content=\"article\" \/>\n<meta property=\"og:title\" content=\"VINTAGE-T - Strings And Wood - Gitarrenbau aus Hamm\" \/>\n<meta property=\"og:description\" content=\"Klassiker in olympic white VINTAGE-T Diese Gitarre wurde aus hochwertigen Tonh\u00f6lzern gefertigt. Dieses Instrument zeichnet sich durch einen sehr knackigen Sound mit viel Sustain aus. Auch fehlt der typische Twang [&hellip;]\" \/>\n<meta property=\"og:url\" content=\"https:\/\/stringsandwood.de\/index.php\/e-gitarren\/vintage-t\/\" \/>\n<meta property=\"og:site_name\" content=\"Strings And Wood - Gitarrenbau aus Hamm\" \/>\n<meta property=\"article:publisher\" content=\"https:\/\/www.facebook.com\/F.Zillmann\" \/>\n<meta property=\"article:modified_time\" content=\"2018-08-12T13:31:57+00:00\" \/>\n<meta property=\"og:image\" content=\"https:\/\/stringsandwood.de\/wp-content\/uploads\/2015\/08\/IMG_7265-300x300.jpg\" \/>\n<meta name=\"twitter:card\" content=\"summary_large_image\" \/>\n<meta name=\"twitter:label1\" content=\"Gesch\u00e4tzte Lesezeit\" \/>\n\t<meta name=\"twitter:data1\" content=\"1\u00a0Minute\" \/>\n<script type=\"application\/ld+json\" class=\"yoast-schema-graph\">{\"@context\":\"https:\\\/\\\/schema.org\",\"@graph\":[{\"@type\":\"WebPage\",\"@id\":\"https:\\\/\\\/stringsandwood.de\\\/index.php\\\/e-gitarren\\\/vintage-t\\\/\",\"url\":\"https:\\\/\\\/stringsandwood.de\\\/index.php\\\/e-gitarren\\\/vintage-t\\\/\",\"name\":\"VINTAGE-T - Strings And Wood - Gitarrenbau aus Hamm\",\"isPartOf\":{\"@id\":\"https:\\\/\\\/stringsandwood.de\\\/#website\"},\"primaryImageOfPage\":{\"@id\":\"https:\\\/\\\/stringsandwood.de\\\/index.php\\\/e-gitarren\\\/vintage-t\\\/#primaryimage\"},\"image\":{\"@id\":\"https:\\\/\\\/stringsandwood.de\\\/index.php\\\/e-gitarren\\\/vintage-t\\\/#primaryimage\"},\"thumbnailUrl\":\"https:\\\/\\\/stringsandwood.de\\\/wp-content\\\/uploads\\\/2015\\\/08\\\/IMG_7265-300x300.jpg\",\"datePublished\":\"2015-08-12T09:28:07+00:00\",\"dateModified\":\"2018-08-12T13:31:57+00:00\",\"breadcrumb\":{\"@id\":\"https:\\\/\\\/stringsandwood.de\\\/index.php\\\/e-gitarren\\\/vintage-t\\\/#breadcrumb\"},\"inLanguage\":\"de\",\"potentialAction\":[{\"@type\":\"ReadAction\",\"target\":[\"https:\\\/\\\/stringsandwood.de\\\/index.php\\\/e-gitarren\\\/vintage-t\\\/\"]}]},{\"@type\":\"ImageObject\",\"inLanguage\":\"de\",\"@id\":\"https:\\\/\\\/stringsandwood.de\\\/index.php\\\/e-gitarren\\\/vintage-t\\\/#primaryimage\",\"url\":\"https:\\\/\\\/stringsandwood.de\\\/wp-content\\\/uploads\\\/2015\\\/08\\\/IMG_7265.jpg\",\"contentUrl\":\"https:\\\/\\\/stringsandwood.de\\\/wp-content\\\/uploads\\\/2015\\\/08\\\/IMG_7265.jpg\",\"width\":3521,\"height\":5282},{\"@type\":\"BreadcrumbList\",\"@id\":\"https:\\\/\\\/stringsandwood.de\\\/index.php\\\/e-gitarren\\\/vintage-t\\\/#breadcrumb\",\"itemListElement\":[{\"@type\":\"ListItem\",\"position\":1,\"name\":\"Home\",\"item\":\"https:\\\/\\\/stringsandwood.de\\\/\"},{\"@type\":\"ListItem\",\"position\":2,\"name\":\"E-Gitarren\",\"item\":\"https:\\\/\\\/stringsandwood.de\\\/index.php\\\/e-gitarren\\\/\"},{\"@type\":\"ListItem\",\"position\":3,\"name\":\"VINTAGE-T\"}]},{\"@type\":\"WebSite\",\"@id\":\"https:\\\/\\\/stringsandwood.de\\\/#website\",\"url\":\"https:\\\/\\\/stringsandwood.de\\\/\",\"name\":\"Strings And Wood - Gitarrenbau aus Hamm\",\"description\":\"Gitarren in Handarbeit - Custom Guitars\",\"publisher\":{\"@id\":\"https:\\\/\\\/stringsandwood.de\\\/#organization\"},\"potentialAction\":[{\"@type\":\"SearchAction\",\"target\":{\"@type\":\"EntryPoint\",\"urlTemplate\":\"https:\\\/\\\/stringsandwood.de\\\/?s={search_term_string}\"},\"query-input\":{\"@type\":\"PropertyValueSpecification\",\"valueRequired\":true,\"valueName\":\"search_term_string\"}}],\"inLanguage\":\"de\"},{\"@type\":\"Organization\",\"@id\":\"https:\\\/\\\/stringsandwood.de\\\/#organization\",\"name\":\"Frank Zillmann Custom Guitars - Strings And Wood\",\"url\":\"https:\\\/\\\/stringsandwood.de\\\/\",\"logo\":{\"@type\":\"ImageObject\",\"inLanguage\":\"de\",\"@id\":\"https:\\\/\\\/stringsandwood.de\\\/#\\\/schema\\\/logo\\\/image\\\/\",\"url\":\"https:\\\/\\\/stringsandwood.de\\\/wp-content\\\/uploads\\\/2015\\\/08\\\/Strings-And-Wood.png\",\"contentUrl\":\"https:\\\/\\\/stringsandwood.de\\\/wp-content\\\/uploads\\\/2015\\\/08\\\/Strings-And-Wood.png\",\"width\":300,\"height\":31,\"caption\":\"Frank Zillmann Custom Guitars - Strings And Wood\"},\"image\":{\"@id\":\"https:\\\/\\\/stringsandwood.de\\\/#\\\/schema\\\/logo\\\/image\\\/\"},\"sameAs\":[\"https:\\\/\\\/www.facebook.com\\\/F.Zillmann\",\"https:\\\/\\\/www.instagram.com\\\/fzillmann\\\/\"]}]}<\/script>\n<!-- \/ Yoast SEO plugin. -->","yoast_head_json":{"title":"VINTAGE-T - Strings And Wood - Gitarrenbau aus Hamm","robots":{"index":"index","follow":"follow","max-snippet":"max-snippet:-1","max-image-preview":"max-image-preview:large","max-video-preview":"max-video-preview:-1"},"canonical":"https:\/\/stringsandwood.de\/index.php\/e-gitarren\/vintage-t\/","og_locale":"de_DE","og_type":"article","og_title":"VINTAGE-T - Strings And Wood - Gitarrenbau aus Hamm","og_description":"Klassiker in olympic white VINTAGE-T Diese Gitarre wurde aus hochwertigen Tonh\u00f6lzern gefertigt. Dieses Instrument zeichnet sich durch einen sehr knackigen Sound mit viel Sustain aus. Auch fehlt der typische Twang [&hellip;]","og_url":"https:\/\/stringsandwood.de\/index.php\/e-gitarren\/vintage-t\/","og_site_name":"Strings And Wood - Gitarrenbau aus Hamm","article_publisher":"https:\/\/www.facebook.com\/F.Zillmann","article_modified_time":"2018-08-12T13:31:57+00:00","og_image":[{"url":"https:\/\/stringsandwood.de\/wp-content\/uploads\/2015\/08\/IMG_7265-300x300.jpg","type":"","width":"","height":""}],"twitter_card":"summary_large_image","twitter_misc":{"Gesch\u00e4tzte Lesezeit":"1\u00a0Minute"},"schema":{"@context":"https:\/\/schema.org","@graph":[{"@type":"WebPage","@id":"https:\/\/stringsandwood.de\/index.php\/e-gitarren\/vintage-t\/","url":"https:\/\/stringsandwood.de\/index.php\/e-gitarren\/vintage-t\/","name":"VINTAGE-T - Strings And Wood - Gitarrenbau aus Hamm","isPartOf":{"@id":"https:\/\/stringsandwood.de\/#website"},"primaryImageOfPage":{"@id":"https:\/\/stringsandwood.de\/index.php\/e-gitarren\/vintage-t\/#primaryimage"},"image":{"@id":"https:\/\/stringsandwood.de\/index.php\/e-gitarren\/vintage-t\/#primaryimage"},"thumbnailUrl":"https:\/\/stringsandwood.de\/wp-content\/uploads\/2015\/08\/IMG_7265-300x300.jpg","datePublished":"2015-08-12T09:28:07+00:00","dateModified":"2018-08-12T13:31:57+00:00","breadcrumb":{"@id":"https:\/\/stringsandwood.de\/index.php\/e-gitarren\/vintage-t\/#breadcrumb"},"inLanguage":"de","potentialAction":[{"@type":"ReadAction","target":["https:\/\/stringsandwood.de\/index.php\/e-gitarren\/vintage-t\/"]}]},{"@type":"ImageObject","inLanguage":"de","@id":"https:\/\/stringsandwood.de\/index.php\/e-gitarren\/vintage-t\/#primaryimage","url":"https:\/\/stringsandwood.de\/wp-content\/uploads\/2015\/08\/IMG_7265.jpg","contentUrl":"https:\/\/stringsandwood.de\/wp-content\/uploads\/2015\/08\/IMG_7265.jpg","width":3521,"height":5282},{"@type":"BreadcrumbList","@id":"https:\/\/stringsandwood.de\/index.php\/e-gitarren\/vintage-t\/#breadcrumb","itemListElement":[{"@type":"ListItem","position":1,"name":"Home","item":"https:\/\/stringsandwood.de\/"},{"@type":"ListItem","position":2,"name":"E-Gitarren","item":"https:\/\/stringsandwood.de\/index.php\/e-gitarren\/"},{"@type":"ListItem","position":3,"name":"VINTAGE-T"}]},{"@type":"WebSite","@id":"https:\/\/stringsandwood.de\/#website","url":"https:\/\/stringsandwood.de\/","name":"Strings And Wood - Gitarrenbau aus Hamm","description":"Gitarren in Handarbeit - Custom Guitars","publisher":{"@id":"https:\/\/stringsandwood.de\/#organization"},"potentialAction":[{"@type":"SearchAction","target":{"@type":"EntryPoint","urlTemplate":"https:\/\/stringsandwood.de\/?s={search_term_string}"},"query-input":{"@type":"PropertyValueSpecification","valueRequired":true,"valueName":"search_term_string"}}],"inLanguage":"de"},{"@type":"Organization","@id":"https:\/\/stringsandwood.de\/#organization","name":"Frank Zillmann Custom Guitars - Strings And Wood","url":"https:\/\/stringsandwood.de\/","logo":{"@type":"ImageObject","inLanguage":"de","@id":"https:\/\/stringsandwood.de\/#\/schema\/logo\/image\/","url":"https:\/\/stringsandwood.de\/wp-content\/uploads\/2015\/08\/Strings-And-Wood.png","contentUrl":"https:\/\/stringsandwood.de\/wp-content\/uploads\/2015\/08\/Strings-And-Wood.png","width":300,"height":31,"caption":"Frank Zillmann Custom Guitars - Strings And Wood"},"image":{"@id":"https:\/\/stringsandwood.de\/#\/schema\/logo\/image\/"},"sameAs":["https:\/\/www.facebook.com\/F.Zillmann","https:\/\/www.instagram.com\/fzillmann\/"]}]}},"_links":{"self":[{"href":"https:\/\/stringsandwood.de\/index.php\/wp-json\/wp\/v2\/pages\/208","targetHints":{"allow":["GET"]}}],"collection":[{"href":"https:\/\/stringsandwood.de\/index.php\/wp-json\/wp\/v2\/pages"}],"about":[{"href":"https:\/\/stringsandwood.de\/index.php\/wp-json\/wp\/v2\/types\/page"}],"author":[{"embeddable":true,"href":"https:\/\/stringsandwood.de\/index.php\/wp-json\/wp\/v2\/users\/3"}],"replies":[{"embeddable":true,"href":"https:\/\/stringsandwood.de\/index.php\/wp-json\/wp\/v2\/comments?post=208"}],"version-history":[{"count":17,"href":"https:\/\/stringsandwood.de\/index.php\/wp-json\/wp\/v2\/pages\/208\/revisions"}],"predecessor-version":[{"id":1041,"href":"https:\/\/stringsandwood.de\/index.php\/wp-json\/wp\/v2\/pages\/208\/revisions\/1041"}],"up":[{"embeddable":true,"href":"https:\/\/stringsandwood.de\/index.php\/wp-json\/wp\/v2\/pages\/202"}],"wp:attachment":[{"href":"https:\/\/stringsandwood.de\/index.php\/wp-json\/wp\/v2\/media?parent=208"}],"curies":[{"name":"wp","href":"https:\/\/api.w.org\/{rel}","templated":true}]}}