{"id":522,"date":"2016-06-15T11:57:38","date_gmt":"2016-06-15T09:57:38","guid":{"rendered":"https:\/\/stringsandwood.de\/?page_id=522"},"modified":"2018-08-13T11:38:24","modified_gmt":"2018-08-13T09:38:24","slug":"bundabstand-berechnen","status":"publish","type":"page","link":"https:\/\/stringsandwood.de\/index.php\/informationen-zum-gitarrenbau\/bundabstand-berechnen\/","title":{"rendered":"Bundabstand berechnen"},"content":{"rendered":"<h4 style=\"color: #990000;\">Wie geht das?<\/h4>\n<h1>Bundabstand berechnen<\/h1>\nBundabstand berechnen, wie geht das? Unter Mensur versteht am im weitesten Sinne die Abmessungen der Gitarre wie die Halsl\u00e4nge, Zargenh\u00f6he, Korpusbreite usw. Im engeren Sinn dagegen ist Mensur die L\u00e4nge der frei schwingenden Saite, gemessen zwischen Steg und Sattel. Beispielsweise verwendet Fender f\u00fcr Telecaster \/ Stratocaster 25,5\u201c (647,7 mm) und Gibson f\u00fcr die Les Paul 24,562\u201c (628,35 mm).<\/p>\n<p>Um f\u00fcr die unterschiedlichen Mensuren die Abst\u00e4nde der einzelnen B\u00fcnde zu berechnen, geht man wie folgt vor: Man teilt die L\u00e4nge gesamten Mensur durch 17,817 und erh\u00e4lt damit den Abstand vom Sattel zum ersten Bund. Diesen Abstand ziehen wir von der Mensur ab. Die L\u00e4nge der \u201eRestmensur\u201c teilen wir abermals durch 17,817, dieser Wert ist dann der Abstand vom 1. zum 2. Bund usw.<\/p>\n<p>Beispiel: Die Mensur betr\u00e4gt  647,7 mm (Fender), geteilt durch 17,817 ergibt 36,35292136723354. Das ist der Abstand vom Sattel zum ersten Bund. Nun ziehen wir dieses Ma\u00df von der Mensur ab.<\/p>\n<p>647,7 -  36,35292136723354 = 611,3470786327665<\/p>\n<p>Dann wird wieder geteilt:<\/p>\n<p>611,3470786327665 \/ 17,817 = 34,31257106318496<\/p>\n<p>Das ist nun das Ma\u00df zwischen 1. und 2. Bund. So verf\u00e4hrst du mit den restlichen B\u00fcnden, oder benutzt einfach mein Tool.<\/p>\n<p><b>Vorsicht<\/b> bei <b>Gibson Mensuren<\/b>, es wird immer von der br\u00fchmten 24 3\/4 Zoll (628,65 mm) Mensur gesprochen, jedoch werden ebenfalls je nach Werk und Baujahr die Ma\u00dfe 24 9\/16 (623,887 mm) und 24 5\/8 Zoll (625,475 mm) genutzt.<\/p>\n<p>Die Fabrik in Montana nutzt i.d.R. 24 5\/8 Zoll (625,475 mm). Die Fabriken in Kalamazoo und Nashville haben die Mensuren \u00fcber die Jahre wie folgt variiert: ab 1954 24 3\/4 (628,65 mm), ab 1959 24 9\/16 (623,887 mm), ab 1969 24 5\/8 (625,475 mm) und ab 1992 wieder 24 9\/16 Zoll(623,887 mm. Die 24 3\/4 Zoll sind also eher selten.<\/p>\n<p>\u00a0<\/p>\n<h2>Bundabstand berechnen<\/h2>\n<form action=\"https:\/\/stringsandwood.de\/index.php\/informationen-zum-gitarrenbau\/bundabstand-berechnen\/\" method=\"post\" enctype=\"multipart\/form-data\" name=\"form1\">\n<label>Mensur\n<select name=\"mensur\" id=\"mensur\">\n<option value=\"0\" selected=\"selected\">Bitte w\u00e4hlen, oder unten eigenen Wert eingeben<\/option>\n<option value=\"647.7\">Fender 648 mm oder 25,5\"<\/option>\n<option value=\"628.35\">Gibson 628 mm oder 24,75\"<\/option>\n<option value=\"645.16\">Martin bspw. D28 645 mm oder 25,4\"<\/option>\n<option value=\"762\">Bass kurz 762 mm oder 30\"<\/option>\n<option value=\"828.5\">Bass medium 828,5 mm oder 32,5\"<\/option>\n<option value=\"863.6\">Bass lang 863,6 mm oder 34\"<\/option>\n<\/select>\n<\/label>\n<br><br>\n<label>Eigener Wert im mm\n<input type=\"text\" name=\"own_value\" id=\"own_value\">\n<\/label>\n<br><br>\n<input type=\"hidden\" name=\"berechne_mal\" id=\"berechne_mal\" value=\"calc_it\">\n<button type=\"submit\" name=\"send_val\" id=\"send_val\" class=\"btn btn-primary\">Berechnen<\/button>\n<\/form>\n\n","protected":false},"excerpt":{"rendered":"<p>Wie geht das? Bundabstand berechnen<\/p>\n","protected":false},"author":3,"featured_media":0,"parent":363,"menu_order":42,"comment_status":"closed","ping_status":"closed","template":"page_bundabstand.php","meta":{"footnotes":""},"class_list":["post-522","page","type-page","status-publish","hentry"],"yoast_head":"<!-- This site is optimized with the Yoast SEO plugin v27.4 - https:\/\/yoast.com\/product\/yoast-seo-wordpress\/ -->\n<title>Bundabstand berechnen f\u00fcr alle Gitarren-Mensuren<\/title>\n<meta name=\"description\" content=\"Mit dieser Formel kannst du den exakten Bundabstand berechnen - f\u00fcr alle Mensuren. Mein Tool erledigt das f\u00fcr dich automatisch ohne Rechenaufwand.\" \/>\n<meta name=\"robots\" content=\"index, follow, max-snippet:-1, max-image-preview:large, max-video-preview:-1\" \/>\n<link rel=\"canonical\" href=\"https:\/\/stringsandwood.de\/index.php\/informationen-zum-gitarrenbau\/bundabstand-berechnen\/\" \/>\n<meta property=\"og:locale\" content=\"de_DE\" \/>\n<meta property=\"og:type\" content=\"article\" \/>\n<meta property=\"og:title\" content=\"Bundabstand berechnen f\u00fcr alle Gitarren-Mensuren\" \/>\n<meta property=\"og:description\" content=\"Mit dieser Formel kannst du den exakten Bundabstand berechnen - f\u00fcr alle Mensuren. Mein Tool erledigt das f\u00fcr dich automatisch ohne Rechenaufwand.\" \/>\n<meta property=\"og:url\" content=\"https:\/\/stringsandwood.de\/index.php\/informationen-zum-gitarrenbau\/bundabstand-berechnen\/\" \/>\n<meta property=\"og:site_name\" content=\"Strings And Wood - Gitarrenbau aus Hamm\" \/>\n<meta property=\"article:publisher\" content=\"https:\/\/www.facebook.com\/F.Zillmann\" \/>\n<meta property=\"article:modified_time\" content=\"2018-08-13T09:38:24+00:00\" \/>\n<meta name=\"twitter:card\" content=\"summary_large_image\" \/>\n<script type=\"application\/ld+json\" class=\"yoast-schema-graph\">{\"@context\":\"https:\\\/\\\/schema.org\",\"@graph\":[{\"@type\":\"WebPage\",\"@id\":\"https:\\\/\\\/stringsandwood.de\\\/index.php\\\/informationen-zum-gitarrenbau\\\/bundabstand-berechnen\\\/\",\"url\":\"https:\\\/\\\/stringsandwood.de\\\/index.php\\\/informationen-zum-gitarrenbau\\\/bundabstand-berechnen\\\/\",\"name\":\"Bundabstand berechnen f\u00fcr alle Gitarren-Mensuren\",\"isPartOf\":{\"@id\":\"https:\\\/\\\/stringsandwood.de\\\/#website\"},\"datePublished\":\"2016-06-15T09:57:38+00:00\",\"dateModified\":\"2018-08-13T09:38:24+00:00\",\"description\":\"Mit dieser Formel kannst du den exakten Bundabstand berechnen - f\u00fcr alle Mensuren. Mein Tool erledigt das f\u00fcr dich automatisch ohne Rechenaufwand.\",\"breadcrumb\":{\"@id\":\"https:\\\/\\\/stringsandwood.de\\\/index.php\\\/informationen-zum-gitarrenbau\\\/bundabstand-berechnen\\\/#breadcrumb\"},\"inLanguage\":\"de\",\"potentialAction\":[{\"@type\":\"ReadAction\",\"target\":[\"https:\\\/\\\/stringsandwood.de\\\/index.php\\\/informationen-zum-gitarrenbau\\\/bundabstand-berechnen\\\/\"]}]},{\"@type\":\"BreadcrumbList\",\"@id\":\"https:\\\/\\\/stringsandwood.de\\\/index.php\\\/informationen-zum-gitarrenbau\\\/bundabstand-berechnen\\\/#breadcrumb\",\"itemListElement\":[{\"@type\":\"ListItem\",\"position\":1,\"name\":\"Home\",\"item\":\"https:\\\/\\\/stringsandwood.de\\\/\"},{\"@type\":\"ListItem\",\"position\":2,\"name\":\"Infos zum Gitarrenbau\",\"item\":\"https:\\\/\\\/stringsandwood.de\\\/index.php\\\/informationen-zum-gitarrenbau\\\/\"},{\"@type\":\"ListItem\",\"position\":3,\"name\":\"Bundabstand berechnen\"}]},{\"@type\":\"WebSite\",\"@id\":\"https:\\\/\\\/stringsandwood.de\\\/#website\",\"url\":\"https:\\\/\\\/stringsandwood.de\\\/\",\"name\":\"Strings And Wood - Gitarrenbau aus Hamm\",\"description\":\"Gitarren in Handarbeit - Custom Guitars\",\"publisher\":{\"@id\":\"https:\\\/\\\/stringsandwood.de\\\/#organization\"},\"potentialAction\":[{\"@type\":\"SearchAction\",\"target\":{\"@type\":\"EntryPoint\",\"urlTemplate\":\"https:\\\/\\\/stringsandwood.de\\\/?s={search_term_string}\"},\"query-input\":{\"@type\":\"PropertyValueSpecification\",\"valueRequired\":true,\"valueName\":\"search_term_string\"}}],\"inLanguage\":\"de\"},{\"@type\":\"Organization\",\"@id\":\"https:\\\/\\\/stringsandwood.de\\\/#organization\",\"name\":\"Frank Zillmann Custom Guitars - Strings And Wood\",\"url\":\"https:\\\/\\\/stringsandwood.de\\\/\",\"logo\":{\"@type\":\"ImageObject\",\"inLanguage\":\"de\",\"@id\":\"https:\\\/\\\/stringsandwood.de\\\/#\\\/schema\\\/logo\\\/image\\\/\",\"url\":\"https:\\\/\\\/stringsandwood.de\\\/wp-content\\\/uploads\\\/2015\\\/08\\\/Strings-And-Wood.png\",\"contentUrl\":\"https:\\\/\\\/stringsandwood.de\\\/wp-content\\\/uploads\\\/2015\\\/08\\\/Strings-And-Wood.png\",\"width\":300,\"height\":31,\"caption\":\"Frank Zillmann Custom Guitars - Strings And Wood\"},\"image\":{\"@id\":\"https:\\\/\\\/stringsandwood.de\\\/#\\\/schema\\\/logo\\\/image\\\/\"},\"sameAs\":[\"https:\\\/\\\/www.facebook.com\\\/F.Zillmann\",\"https:\\\/\\\/www.instagram.com\\\/fzillmann\\\/\"]}]}<\/script>\n<!-- \/ Yoast SEO plugin. -->","yoast_head_json":{"title":"Bundabstand berechnen f\u00fcr alle Gitarren-Mensuren","description":"Mit dieser Formel kannst du den exakten Bundabstand berechnen - f\u00fcr alle Mensuren. Mein Tool erledigt das f\u00fcr dich automatisch ohne Rechenaufwand.","robots":{"index":"index","follow":"follow","max-snippet":"max-snippet:-1","max-image-preview":"max-image-preview:large","max-video-preview":"max-video-preview:-1"},"canonical":"https:\/\/stringsandwood.de\/index.php\/informationen-zum-gitarrenbau\/bundabstand-berechnen\/","og_locale":"de_DE","og_type":"article","og_title":"Bundabstand berechnen f\u00fcr alle Gitarren-Mensuren","og_description":"Mit dieser Formel kannst du den exakten Bundabstand berechnen - f\u00fcr alle Mensuren. Mein Tool erledigt das f\u00fcr dich automatisch ohne Rechenaufwand.","og_url":"https:\/\/stringsandwood.de\/index.php\/informationen-zum-gitarrenbau\/bundabstand-berechnen\/","og_site_name":"Strings And Wood - Gitarrenbau aus Hamm","article_publisher":"https:\/\/www.facebook.com\/F.Zillmann","article_modified_time":"2018-08-13T09:38:24+00:00","twitter_card":"summary_large_image","schema":{"@context":"https:\/\/schema.org","@graph":[{"@type":"WebPage","@id":"https:\/\/stringsandwood.de\/index.php\/informationen-zum-gitarrenbau\/bundabstand-berechnen\/","url":"https:\/\/stringsandwood.de\/index.php\/informationen-zum-gitarrenbau\/bundabstand-berechnen\/","name":"Bundabstand berechnen f\u00fcr alle Gitarren-Mensuren","isPartOf":{"@id":"https:\/\/stringsandwood.de\/#website"},"datePublished":"2016-06-15T09:57:38+00:00","dateModified":"2018-08-13T09:38:24+00:00","description":"Mit dieser Formel kannst du den exakten Bundabstand berechnen - f\u00fcr alle Mensuren. Mein Tool erledigt das f\u00fcr dich automatisch ohne Rechenaufwand.","breadcrumb":{"@id":"https:\/\/stringsandwood.de\/index.php\/informationen-zum-gitarrenbau\/bundabstand-berechnen\/#breadcrumb"},"inLanguage":"de","potentialAction":[{"@type":"ReadAction","target":["https:\/\/stringsandwood.de\/index.php\/informationen-zum-gitarrenbau\/bundabstand-berechnen\/"]}]},{"@type":"BreadcrumbList","@id":"https:\/\/stringsandwood.de\/index.php\/informationen-zum-gitarrenbau\/bundabstand-berechnen\/#breadcrumb","itemListElement":[{"@type":"ListItem","position":1,"name":"Home","item":"https:\/\/stringsandwood.de\/"},{"@type":"ListItem","position":2,"name":"Infos zum Gitarrenbau","item":"https:\/\/stringsandwood.de\/index.php\/informationen-zum-gitarrenbau\/"},{"@type":"ListItem","position":3,"name":"Bundabstand berechnen"}]},{"@type":"WebSite","@id":"https:\/\/stringsandwood.de\/#website","url":"https:\/\/stringsandwood.de\/","name":"Strings And Wood - Gitarrenbau aus Hamm","description":"Gitarren in Handarbeit - Custom Guitars","publisher":{"@id":"https:\/\/stringsandwood.de\/#organization"},"potentialAction":[{"@type":"SearchAction","target":{"@type":"EntryPoint","urlTemplate":"https:\/\/stringsandwood.de\/?s={search_term_string}"},"query-input":{"@type":"PropertyValueSpecification","valueRequired":true,"valueName":"search_term_string"}}],"inLanguage":"de"},{"@type":"Organization","@id":"https:\/\/stringsandwood.de\/#organization","name":"Frank Zillmann Custom Guitars - Strings And Wood","url":"https:\/\/stringsandwood.de\/","logo":{"@type":"ImageObject","inLanguage":"de","@id":"https:\/\/stringsandwood.de\/#\/schema\/logo\/image\/","url":"https:\/\/stringsandwood.de\/wp-content\/uploads\/2015\/08\/Strings-And-Wood.png","contentUrl":"https:\/\/stringsandwood.de\/wp-content\/uploads\/2015\/08\/Strings-And-Wood.png","width":300,"height":31,"caption":"Frank Zillmann Custom Guitars - Strings And Wood"},"image":{"@id":"https:\/\/stringsandwood.de\/#\/schema\/logo\/image\/"},"sameAs":["https:\/\/www.facebook.com\/F.Zillmann","https:\/\/www.instagram.com\/fzillmann\/"]}]}},"_links":{"self":[{"href":"https:\/\/stringsandwood.de\/index.php\/wp-json\/wp\/v2\/pages\/522","targetHints":{"allow":["GET"]}}],"collection":[{"href":"https:\/\/stringsandwood.de\/index.php\/wp-json\/wp\/v2\/pages"}],"about":[{"href":"https:\/\/stringsandwood.de\/index.php\/wp-json\/wp\/v2\/types\/page"}],"author":[{"embeddable":true,"href":"https:\/\/stringsandwood.de\/index.php\/wp-json\/wp\/v2\/users\/3"}],"replies":[{"embeddable":true,"href":"https:\/\/stringsandwood.de\/index.php\/wp-json\/wp\/v2\/comments?post=522"}],"version-history":[{"count":50,"href":"https:\/\/stringsandwood.de\/index.php\/wp-json\/wp\/v2\/pages\/522\/revisions"}],"predecessor-version":[{"id":960,"href":"https:\/\/stringsandwood.de\/index.php\/wp-json\/wp\/v2\/pages\/522\/revisions\/960"}],"up":[{"embeddable":true,"href":"https:\/\/stringsandwood.de\/index.php\/wp-json\/wp\/v2\/pages\/363"}],"wp:attachment":[{"href":"https:\/\/stringsandwood.de\/index.php\/wp-json\/wp\/v2\/media?parent=522"}],"curies":[{"name":"wp","href":"https:\/\/api.w.org\/{rel}","templated":true}]}}