{"id":687,"date":"2017-10-25T16:20:27","date_gmt":"2017-10-25T14:20:27","guid":{"rendered":"https:\/\/stringsandwood.de\/?page_id=687"},"modified":"2024-09-19T12:49:16","modified_gmt":"2024-09-19T10:49:16","slug":"tonabnehmer-richtig-einstellen","status":"publish","type":"page","link":"https:\/\/stringsandwood.de\/index.php\/informationen-zum-gitarrenbau\/tonabnehmer-richtig-einstellen\/","title":{"rendered":"Tonabnehmer richtig einstellen"},"content":{"rendered":"<h4 style=\"color: #990000;\">Wie geht das?<\/h4>\n<h1>Tonabnehmer richtig einstellen<\/h1>\n<p>Zu diesem Thema findet man im Web reichlich Informationen, doch leider sind sehr viele Informationen irref\u00fchrend und sogar falsch. Immer wieder liest man, dass beim Gitarrentyp XY der Abstand der Neck-PU so und so viel mm betr\u00e4gt. Das ist schlichtweg K\u00e4se. Dieser Wert kann bei deiner Gitarre stimmen \u2013 muss er aber nicht. Warum das so ist erfahrt ihr nun und solltet dann in der Lage sein den f\u00fcr euer Instrument und eure Spielweise und euren Sound richtigen Abstand einzustellen. Jeder Tonabnehmer weist Unterschiede zu anderen auf, Magneten sind nicht immer genau gleich stark, nicht auf jeder Gitarre sind die selben Saiten aufgezogen, usw, usw. Das zeigt schon, dass es einen allgemein g\u00fcltigen Wert nicht geben kann. Tonabnehmer richtig einstellen &#8211; was braucht man? Schraubendreher und Ohren!<\/p>\n<h2>Was passiert, wenn der Saitenabstand der Tonabnehmer zu gering ist?<\/h2>\n<p>Die Saiten klingen nicht sauber aus, der Ton \u00fcberschl\u00e4gt sich und wird matschig. Bei extrem geringen Abst\u00e4nden k\u00f6nnen die Magneten der Tonabnehmer sogar das Schwingungsverhalten der Saiten negativ beeinflussen \u2013 Stichpunkt \u201eStratitis\u201c. Stratitis ist keine \u00fcbertragbare Krankheit, aber wie der Name es schon vermuten l\u00e4sst ein Ph\u00e4nomen, das oft bei der Stratocaster am Halstonabnehmer auftritt. Nicht nur wenn ihr eine Stratocaster habt, k\u00f6nnt ihr das folgenderma\u00dfen testen. Greift die dicke E-Saite im 15. Bund und schlagt sie an. Wenn die die Saite wabernd vor sich her schlabbert und nicht sauber schwingt, dazu noch der Ton unsauber ist, dann ist der Abstand zu gering. Ebenfalls wird der Ton bei geringem Abstand basslasting und ist mit reichlich unsauberen Obert\u00f6nen durchsetzt.<\/p>\n<h2>Was passiert, wenn der Saitenabstand der Tonabnehmer zu gro\u00df ist?<\/h2>\n<p>Die Saiten schwingen zwar sauber aus, aber der Ton ist sehr leise und der Bums fehlt.<\/p>\n<p><img loading=\"lazy\" decoding=\"async\" class=\"aligncenter wp-image-842 size-full\" src=\"https:\/\/stringsandwood.de\/wp-content\/uploads\/2017\/10\/tonanbnehmer-einstellen.jpg\" alt=\"Tonabnehmer richtig einstellen - so bekommst du einen satten und sauberen Ton aus deiner E-Gitarre\" width=\"1140\" height=\"500\" srcset=\"https:\/\/stringsandwood.de\/wp-content\/uploads\/2017\/10\/tonanbnehmer-einstellen.jpg 1140w, https:\/\/stringsandwood.de\/wp-content\/uploads\/2017\/10\/tonanbnehmer-einstellen-600x263.jpg 600w, https:\/\/stringsandwood.de\/wp-content\/uploads\/2017\/10\/tonanbnehmer-einstellen-768x337.jpg 768w, https:\/\/stringsandwood.de\/wp-content\/uploads\/2017\/10\/tonanbnehmer-einstellen-1024x449.jpg 1024w\" sizes=\"auto, (max-width: 1140px) 100vw, 1140px\" \/><\/p>\n<h2>Was ist beim Einstellen der Tonabnehmer zu beachten?<\/h2>\n<p>Tonabnehmer richtig einstellen: Die Lautst\u00e4rke der einzelnen Tonabnehmer sollte zueinander passen. Der Abstand darf bei den Stegtonabnehmern geringer sein als bei den Halstonabnehmern. Das liegt daran, dass die Saiten am Steg nicht so weit ausschwingen. Die Saiten sollten bei allen PUs sauber und transparent klingen. Die Gr\u00f6\u00dfe des Abstandes richtet sich enorm nach den verbauten Tonabnehmern. PickUps mit starken Magneten, vor allem Einzelmagneten brauchen mehr Abstand. Dagegen k\u00f6nnen aktive Tonabnehmer relativ nah an die Saiten gebracht werden.<br \/>\nBei Humbuckern und P90 liegen die Magnete als Barren i.d.R. unten im PickUp. Der magnetische Einfluss auf die Saiten ist also geringer als bei Single Coils.<br \/>\nBeim Einstellen der Tonabnehmer gilt das allgemein g\u00fcltige \u201eProbieren geht \u00fcber studieren\u201c. Da das Sound-Empfinden und die daran gestellten Anspr\u00fcche sehr unterschiedlich sind, ist es gut, unterschiedliche Einstellungen mal an der Lieblingsgitarre zu testen. Wechselt ihr auf eine andere Saitenst\u00e4rke, muss auch neben der Halseinstellung der Abstand der Tonabnehmer angepasst werden. Der Wechsel innerhalb der gleiche Saitenst\u00e4rke auf einen anderen Anbieter kann u.U. auch Einfluss nehmen, da nicht alle 0.10er oder 0.09er Saitens\u00e4tze den gleichen Zug haben. Bspw. haben Ernie Ball Saiten einen deutlich h\u00f6heren Zug als D\u00b4Addario Saiten.<\/p>\n<h2>Wie stelle ich die Tonabnehmer am einfachsten ein?<\/h2>\n<p>Dreht die Tonabnehmer erst einmal ein gutes St\u00fcck runter. Wenn ihr spielt werdet ihr h\u00f6ren, dass nun der Sound nun nicht mehr so fett und lebendig ist. Dann dreht ihr langsam den Tonabnehmer in Richtung Saiten. Wenn der oben beschriebene Stratitis-Effekt einsetzt (unsauber schwingende Saiten, zu viel Bass unsaubere Obert\u00f6ne), dann gilt es die Tonabnehmer wieder runter zu drehen. Nicht zu viel auf einmal absenken, sondern immer wieder spielen und h\u00f6ren. Wenn der Sound f\u00fcr dich optimal ist, lass den Tonabnehmer so stehen. Nun werden die weiteren PickUps entsprechend eingestellt. Wenn der oder die anderen PUs vom Sound her zusagen, dann mal beide Tonabnehmer zusammen testen. Wenn einer der beiden zu laut ist und den anderen dominiert, dreht diesen einfach ein klein wenig runter. Ihr seht, Tonabnehmer richtig einstellen ist nicht schwer.<\/p>\n<p><em><strong>Viel Spa\u00df beim Testen!<\/strong><\/em><\/p>\n<p><a href=\"https:\/\/stringsandwood.de\/index.php\/informationen-zum-gitarrenbau\/preisliste-reparaturen\/\">Gerne \u00fcbernehme ich diese Arbeit auch f\u00fcr dich.<\/a><\/p>\n","protected":false},"excerpt":{"rendered":"<p>Wie geht das? Tonabnehmer richtig einstellen Zu diesem Thema findet man im Web reichlich Informationen, doch leider sind sehr viele Informationen irref\u00fchrend und sogar falsch. Immer wieder liest man, dass [&hellip;]<\/p>\n","protected":false},"author":3,"featured_media":0,"parent":363,"menu_order":0,"comment_status":"closed","ping_status":"closed","template":"page_tonabnehmer-einstellen.php","meta":{"footnotes":""},"class_list":["post-687","page","type-page","status-publish","hentry"],"yoast_head":"<!-- This site is optimized with the Yoast SEO plugin v27.4 - https:\/\/yoast.com\/product\/yoast-seo-wordpress\/ -->\n<title>Tonabnehmer richtig einstellen - Gitarrentuning - so geht\u00b4s richtig<\/title>\n<meta name=\"description\" content=\"Tonabnehmer richtig einstellen, ist von den individuellen Eigenschaften euer Gitarre abh\u00e4ngig. Feste Ma\u00dfangaben braucht ihr nicht, denn die stimmen selten.\" \/>\n<meta name=\"robots\" content=\"index, follow, max-snippet:-1, max-image-preview:large, max-video-preview:-1\" \/>\n<link rel=\"canonical\" href=\"https:\/\/stringsandwood.de\/index.php\/informationen-zum-gitarrenbau\/tonabnehmer-richtig-einstellen\/\" \/>\n<meta property=\"og:locale\" content=\"de_DE\" \/>\n<meta property=\"og:type\" content=\"article\" \/>\n<meta property=\"og:title\" content=\"Tonabnehmer richtig einstellen - Gitarrentuning - so geht\u00b4s richtig\" \/>\n<meta property=\"og:description\" content=\"Tonabnehmer richtig einstellen, ist von den individuellen Eigenschaften euer Gitarre abh\u00e4ngig. Feste Ma\u00dfangaben braucht ihr nicht, denn die stimmen selten.\" \/>\n<meta property=\"og:url\" content=\"https:\/\/stringsandwood.de\/index.php\/informationen-zum-gitarrenbau\/tonabnehmer-richtig-einstellen\/\" \/>\n<meta property=\"og:site_name\" content=\"Strings And Wood - Gitarrenbau aus Hamm\" \/>\n<meta property=\"article:publisher\" content=\"https:\/\/www.facebook.com\/F.Zillmann\" \/>\n<meta property=\"article:modified_time\" content=\"2024-09-19T10:49:16+00:00\" \/>\n<meta property=\"og:image\" content=\"https:\/\/stringsandwood.de\/wp-content\/uploads\/2017\/10\/tonanbnehmer-einstellen.jpg\" \/>\n<meta name=\"twitter:card\" content=\"summary_large_image\" \/>\n<meta name=\"twitter:label1\" content=\"Gesch\u00e4tzte Lesezeit\" \/>\n\t<meta name=\"twitter:data1\" content=\"4\u00a0Minuten\" \/>\n<script type=\"application\/ld+json\" class=\"yoast-schema-graph\">{\"@context\":\"https:\\\/\\\/schema.org\",\"@graph\":[{\"@type\":\"WebPage\",\"@id\":\"https:\\\/\\\/stringsandwood.de\\\/index.php\\\/informationen-zum-gitarrenbau\\\/tonabnehmer-richtig-einstellen\\\/\",\"url\":\"https:\\\/\\\/stringsandwood.de\\\/index.php\\\/informationen-zum-gitarrenbau\\\/tonabnehmer-richtig-einstellen\\\/\",\"name\":\"Tonabnehmer richtig einstellen - Gitarrentuning - so geht\u00b4s richtig\",\"isPartOf\":{\"@id\":\"https:\\\/\\\/stringsandwood.de\\\/#website\"},\"primaryImageOfPage\":{\"@id\":\"https:\\\/\\\/stringsandwood.de\\\/index.php\\\/informationen-zum-gitarrenbau\\\/tonabnehmer-richtig-einstellen\\\/#primaryimage\"},\"image\":{\"@id\":\"https:\\\/\\\/stringsandwood.de\\\/index.php\\\/informationen-zum-gitarrenbau\\\/tonabnehmer-richtig-einstellen\\\/#primaryimage\"},\"thumbnailUrl\":\"https:\\\/\\\/stringsandwood.de\\\/wp-content\\\/uploads\\\/2017\\\/10\\\/tonanbnehmer-einstellen.jpg\",\"datePublished\":\"2017-10-25T14:20:27+00:00\",\"dateModified\":\"2024-09-19T10:49:16+00:00\",\"description\":\"Tonabnehmer richtig einstellen, ist von den individuellen Eigenschaften euer Gitarre abh\u00e4ngig. Feste Ma\u00dfangaben braucht ihr nicht, denn die stimmen selten.\",\"breadcrumb\":{\"@id\":\"https:\\\/\\\/stringsandwood.de\\\/index.php\\\/informationen-zum-gitarrenbau\\\/tonabnehmer-richtig-einstellen\\\/#breadcrumb\"},\"inLanguage\":\"de\",\"potentialAction\":[{\"@type\":\"ReadAction\",\"target\":[\"https:\\\/\\\/stringsandwood.de\\\/index.php\\\/informationen-zum-gitarrenbau\\\/tonabnehmer-richtig-einstellen\\\/\"]}]},{\"@type\":\"ImageObject\",\"inLanguage\":\"de\",\"@id\":\"https:\\\/\\\/stringsandwood.de\\\/index.php\\\/informationen-zum-gitarrenbau\\\/tonabnehmer-richtig-einstellen\\\/#primaryimage\",\"url\":\"https:\\\/\\\/stringsandwood.de\\\/wp-content\\\/uploads\\\/2017\\\/10\\\/tonanbnehmer-einstellen.jpg\",\"contentUrl\":\"https:\\\/\\\/stringsandwood.de\\\/wp-content\\\/uploads\\\/2017\\\/10\\\/tonanbnehmer-einstellen.jpg\",\"width\":1140,\"height\":500},{\"@type\":\"BreadcrumbList\",\"@id\":\"https:\\\/\\\/stringsandwood.de\\\/index.php\\\/informationen-zum-gitarrenbau\\\/tonabnehmer-richtig-einstellen\\\/#breadcrumb\",\"itemListElement\":[{\"@type\":\"ListItem\",\"position\":1,\"name\":\"Home\",\"item\":\"https:\\\/\\\/stringsandwood.de\\\/\"},{\"@type\":\"ListItem\",\"position\":2,\"name\":\"Infos zum Gitarrenbau\",\"item\":\"https:\\\/\\\/stringsandwood.de\\\/index.php\\\/informationen-zum-gitarrenbau\\\/\"},{\"@type\":\"ListItem\",\"position\":3,\"name\":\"Tonabnehmer richtig einstellen\"}]},{\"@type\":\"WebSite\",\"@id\":\"https:\\\/\\\/stringsandwood.de\\\/#website\",\"url\":\"https:\\\/\\\/stringsandwood.de\\\/\",\"name\":\"Strings And Wood - Gitarrenbau aus Hamm\",\"description\":\"Gitarren in Handarbeit - Custom Guitars\",\"publisher\":{\"@id\":\"https:\\\/\\\/stringsandwood.de\\\/#organization\"},\"potentialAction\":[{\"@type\":\"SearchAction\",\"target\":{\"@type\":\"EntryPoint\",\"urlTemplate\":\"https:\\\/\\\/stringsandwood.de\\\/?s={search_term_string}\"},\"query-input\":{\"@type\":\"PropertyValueSpecification\",\"valueRequired\":true,\"valueName\":\"search_term_string\"}}],\"inLanguage\":\"de\"},{\"@type\":\"Organization\",\"@id\":\"https:\\\/\\\/stringsandwood.de\\\/#organization\",\"name\":\"Frank Zillmann Custom Guitars - Strings And Wood\",\"url\":\"https:\\\/\\\/stringsandwood.de\\\/\",\"logo\":{\"@type\":\"ImageObject\",\"inLanguage\":\"de\",\"@id\":\"https:\\\/\\\/stringsandwood.de\\\/#\\\/schema\\\/logo\\\/image\\\/\",\"url\":\"https:\\\/\\\/stringsandwood.de\\\/wp-content\\\/uploads\\\/2015\\\/08\\\/Strings-And-Wood.png\",\"contentUrl\":\"https:\\\/\\\/stringsandwood.de\\\/wp-content\\\/uploads\\\/2015\\\/08\\\/Strings-And-Wood.png\",\"width\":300,\"height\":31,\"caption\":\"Frank Zillmann Custom Guitars - Strings And Wood\"},\"image\":{\"@id\":\"https:\\\/\\\/stringsandwood.de\\\/#\\\/schema\\\/logo\\\/image\\\/\"},\"sameAs\":[\"https:\\\/\\\/www.facebook.com\\\/F.Zillmann\",\"https:\\\/\\\/www.instagram.com\\\/fzillmann\\\/\"]}]}<\/script>\n<!-- \/ Yoast SEO plugin. -->","yoast_head_json":{"title":"Tonabnehmer richtig einstellen - Gitarrentuning - so geht\u00b4s richtig","description":"Tonabnehmer richtig einstellen, ist von den individuellen Eigenschaften euer Gitarre abh\u00e4ngig. Feste Ma\u00dfangaben braucht ihr nicht, denn die stimmen selten.","robots":{"index":"index","follow":"follow","max-snippet":"max-snippet:-1","max-image-preview":"max-image-preview:large","max-video-preview":"max-video-preview:-1"},"canonical":"https:\/\/stringsandwood.de\/index.php\/informationen-zum-gitarrenbau\/tonabnehmer-richtig-einstellen\/","og_locale":"de_DE","og_type":"article","og_title":"Tonabnehmer richtig einstellen - Gitarrentuning - so geht\u00b4s richtig","og_description":"Tonabnehmer richtig einstellen, ist von den individuellen Eigenschaften euer Gitarre abh\u00e4ngig. Feste Ma\u00dfangaben braucht ihr nicht, denn die stimmen selten.","og_url":"https:\/\/stringsandwood.de\/index.php\/informationen-zum-gitarrenbau\/tonabnehmer-richtig-einstellen\/","og_site_name":"Strings And Wood - Gitarrenbau aus Hamm","article_publisher":"https:\/\/www.facebook.com\/F.Zillmann","article_modified_time":"2024-09-19T10:49:16+00:00","og_image":[{"url":"https:\/\/stringsandwood.de\/wp-content\/uploads\/2017\/10\/tonanbnehmer-einstellen.jpg","type":"","width":"","height":""}],"twitter_card":"summary_large_image","twitter_misc":{"Gesch\u00e4tzte Lesezeit":"4\u00a0Minuten"},"schema":{"@context":"https:\/\/schema.org","@graph":[{"@type":"WebPage","@id":"https:\/\/stringsandwood.de\/index.php\/informationen-zum-gitarrenbau\/tonabnehmer-richtig-einstellen\/","url":"https:\/\/stringsandwood.de\/index.php\/informationen-zum-gitarrenbau\/tonabnehmer-richtig-einstellen\/","name":"Tonabnehmer richtig einstellen - Gitarrentuning - so geht\u00b4s richtig","isPartOf":{"@id":"https:\/\/stringsandwood.de\/#website"},"primaryImageOfPage":{"@id":"https:\/\/stringsandwood.de\/index.php\/informationen-zum-gitarrenbau\/tonabnehmer-richtig-einstellen\/#primaryimage"},"image":{"@id":"https:\/\/stringsandwood.de\/index.php\/informationen-zum-gitarrenbau\/tonabnehmer-richtig-einstellen\/#primaryimage"},"thumbnailUrl":"https:\/\/stringsandwood.de\/wp-content\/uploads\/2017\/10\/tonanbnehmer-einstellen.jpg","datePublished":"2017-10-25T14:20:27+00:00","dateModified":"2024-09-19T10:49:16+00:00","description":"Tonabnehmer richtig einstellen, ist von den individuellen Eigenschaften euer Gitarre abh\u00e4ngig. Feste Ma\u00dfangaben braucht ihr nicht, denn die stimmen selten.","breadcrumb":{"@id":"https:\/\/stringsandwood.de\/index.php\/informationen-zum-gitarrenbau\/tonabnehmer-richtig-einstellen\/#breadcrumb"},"inLanguage":"de","potentialAction":[{"@type":"ReadAction","target":["https:\/\/stringsandwood.de\/index.php\/informationen-zum-gitarrenbau\/tonabnehmer-richtig-einstellen\/"]}]},{"@type":"ImageObject","inLanguage":"de","@id":"https:\/\/stringsandwood.de\/index.php\/informationen-zum-gitarrenbau\/tonabnehmer-richtig-einstellen\/#primaryimage","url":"https:\/\/stringsandwood.de\/wp-content\/uploads\/2017\/10\/tonanbnehmer-einstellen.jpg","contentUrl":"https:\/\/stringsandwood.de\/wp-content\/uploads\/2017\/10\/tonanbnehmer-einstellen.jpg","width":1140,"height":500},{"@type":"BreadcrumbList","@id":"https:\/\/stringsandwood.de\/index.php\/informationen-zum-gitarrenbau\/tonabnehmer-richtig-einstellen\/#breadcrumb","itemListElement":[{"@type":"ListItem","position":1,"name":"Home","item":"https:\/\/stringsandwood.de\/"},{"@type":"ListItem","position":2,"name":"Infos zum Gitarrenbau","item":"https:\/\/stringsandwood.de\/index.php\/informationen-zum-gitarrenbau\/"},{"@type":"ListItem","position":3,"name":"Tonabnehmer richtig einstellen"}]},{"@type":"WebSite","@id":"https:\/\/stringsandwood.de\/#website","url":"https:\/\/stringsandwood.de\/","name":"Strings And Wood - Gitarrenbau aus Hamm","description":"Gitarren in Handarbeit - Custom Guitars","publisher":{"@id":"https:\/\/stringsandwood.de\/#organization"},"potentialAction":[{"@type":"SearchAction","target":{"@type":"EntryPoint","urlTemplate":"https:\/\/stringsandwood.de\/?s={search_term_string}"},"query-input":{"@type":"PropertyValueSpecification","valueRequired":true,"valueName":"search_term_string"}}],"inLanguage":"de"},{"@type":"Organization","@id":"https:\/\/stringsandwood.de\/#organization","name":"Frank Zillmann Custom Guitars - Strings And Wood","url":"https:\/\/stringsandwood.de\/","logo":{"@type":"ImageObject","inLanguage":"de","@id":"https:\/\/stringsandwood.de\/#\/schema\/logo\/image\/","url":"https:\/\/stringsandwood.de\/wp-content\/uploads\/2015\/08\/Strings-And-Wood.png","contentUrl":"https:\/\/stringsandwood.de\/wp-content\/uploads\/2015\/08\/Strings-And-Wood.png","width":300,"height":31,"caption":"Frank Zillmann Custom Guitars - Strings And Wood"},"image":{"@id":"https:\/\/stringsandwood.de\/#\/schema\/logo\/image\/"},"sameAs":["https:\/\/www.facebook.com\/F.Zillmann","https:\/\/www.instagram.com\/fzillmann\/"]}]}},"_links":{"self":[{"href":"https:\/\/stringsandwood.de\/index.php\/wp-json\/wp\/v2\/pages\/687","targetHints":{"allow":["GET"]}}],"collection":[{"href":"https:\/\/stringsandwood.de\/index.php\/wp-json\/wp\/v2\/pages"}],"about":[{"href":"https:\/\/stringsandwood.de\/index.php\/wp-json\/wp\/v2\/types\/page"}],"author":[{"embeddable":true,"href":"https:\/\/stringsandwood.de\/index.php\/wp-json\/wp\/v2\/users\/3"}],"replies":[{"embeddable":true,"href":"https:\/\/stringsandwood.de\/index.php\/wp-json\/wp\/v2\/comments?post=687"}],"version-history":[{"count":21,"href":"https:\/\/stringsandwood.de\/index.php\/wp-json\/wp\/v2\/pages\/687\/revisions"}],"predecessor-version":[{"id":1276,"href":"https:\/\/stringsandwood.de\/index.php\/wp-json\/wp\/v2\/pages\/687\/revisions\/1276"}],"up":[{"embeddable":true,"href":"https:\/\/stringsandwood.de\/index.php\/wp-json\/wp\/v2\/pages\/363"}],"wp:attachment":[{"href":"https:\/\/stringsandwood.de\/index.php\/wp-json\/wp\/v2\/media?parent=687"}],"curies":[{"name":"wp","href":"https:\/\/api.w.org\/{rel}","templated":true}]}}